it of w?
6
Let u(f) = 4*f**2 + 43. Let x be u(0). Let p = x + -35. What is the units digit of p?
8
Let y be 6/(-9) + ((-3592)/(-6))/(-2). Let f = 507 + y. What is the units digit of f?
7
Let w(i) = -i**3 + 3*i**2 + 1. Let p be w(2). Let m be (-2)/p - 10/(-25). Suppose 6*f + 2*f - 32 = m. What is the units digit of f?
4
Let y = 2821 + -1877. What is the hundreds digit of y?
9
Let z(k) = k**3 - 6*k**2 + 3*k - 8. Let s be z(6). Let h = s - 6. What is the units digit of 19 + -2 + -1 + h?
0
Let q(t) = 39*t**3 - 4*t**2 + 2*t. What is the units digit of q(2)?
0
Suppose 6*t - 3*t = -30. Let j be (16/20)/((-4)/t). Suppose 0 = h + j - 23. What is the units digit of h?
1
Suppose -11*i - 13101 + 58201 = 0. What is the tens digit of i?
0
What is the thousands digit of (9 - -3436) + (4 - (-5 + 10))?
3
Suppose -14*k + 3453 = -11849. What is the thousands digit of k?
1
Let j(c) = -c**2 + 6*c + 4. Let x be j(7). Let h(d) = 12*d**2 + 3*d - 4. Let w be h(x). What is the units digit of w*-4*(-4)/40?
8
Suppose -5460 = 38*g - 45*g. What is the hundreds digit of g?
7
Suppose 9*x - 12294 - 3177 = 0. What is the thousands digit of x?
1
What is the tens digit of -419*(-3)/(30/(-25))*-4?
9
Let s be -8*(-4 + (1 - 3)). Let c = 133 - 118. What is the units digit of (s/c)/(8/60)?
4
Let i be (-14 - 0) + 12/6. Let g be -4 - i/((-6)/(-2)). Suppose -5*r - 4 = -2*r + 2*v, g = 3*v + 15. What is the units digit of r?
2
Let u = -60 - -22. Let m = 66 + u. What is the tens digit of m?
2
What is the tens digit of (-900)/(-7)*((-37)/(-3) + -3)?
0
Let s(w) = -21*w + 580. What is the units digit of s(7)?
3
Let p(r) = 2*r**2 - 7*r + 2. Let c be p(2). What is the units digit of (1 - c/2) + -5 + 6?
4
Let k(x) = 5*x + 6. Let p be k(3). Suppose -3*a + p + 0 = 0. Suppose j + a = -2*z + 18, 2*z = -3*j + 25. What is the units digit of j?
7
Let t(h) = -h**2 - 8*h - 16. Let a be t(-4). Suppose 410 = 2*r - 2*k, -2*k + 422 = 2*r - a*k. What is the units digit of r?
8
Suppose -3*s = 5*o - 9012, -2*s + 0*s - 2 = 0. Suppose 6*n + 573 = o. What is the tens digit of n?
0
Suppose -5*b + 10 = 8*x - 3*x, 4 = -4*b. Suppose -x*o = -4*a - 100, -5*o = 3*a - 210 - 5. Suppose q = 3*q - o. What is the tens digit of q?
2
Suppose w - 15*w + 2240 = 0. What is the hundreds digit of w?
1
Suppose 5*d + 4*z = 10913, 5*d = -0*z + 5*z + 10895. What is the units digit of d?
1
Let t be (2 - 3)*(-4 - -4). Suppose t = -33*r + 32*r + 99. What is the units digit of r?
9
What is the units digit of ((-8)/3)/((-137313)/15255 + 9)?
0
Suppose 5*s - 2104 = -2*u + 8*s, 0 = 4*u + 3*s - 4244. What is the thousands digit of u?
1
Let s be ((-1 - 3) + 6)*2. Suppose 3*u + 5*x - 27 = 0, -s*x = -u - 2*x - 2. Suppose u*h = 3*b + 133, -b + 166 = 3*h + 50. What is the tens digit of h?
3
Let u = 42 + -59. Let v(q) = q**2 + 12*q + 31. What is the hundreds digit of v(u)?
1
Suppose j = -x - 2*x + 6, -4*x + 5*j = -27. Suppose -x*h - 2*s - 586 = -7*h, -3*s - 587 = -4*h. What is the hundreds digit of h?
1
Let r(j) = 133*j**2 - j - 2. Let q be r(-1). Let m = 118 - -40. Suppose 5*c = q + m. What is the tens digit of c?
5
Let w = -5447 - -8382. What is the thousands digit of w?
2
Let y(a) = a**3 + 8*a**2 - 25*a - 7. Let g be 2*(-5 - (-75)/10). What is the units digit of y(g)?
3
Suppose 10*m = -16*m + 11310. What is the tens digit of m?
3
Let c(m) = 4*m - 6. Let k be c(4). Suppose 7*a = k*a - 168. Suppose -2*h - p + 19 = 0, -5*h - 1 + a = 4*p. What is the units digit of h?
7
Suppose 2*x + 944 = 4*x + 4*b, -5*x + 5*b = -2300. What is the tens digit of x?
6
Suppose q = -a + 1061, a = 5*q - 3*q - 2128. What is the hundreds digit of q?
0
What is the tens digit of (24/10)/(7/70)?
2
Let h(y) = 2*y**2 - 6*y - 3. Let g be h(-4). Let t = g - 8. What is the units digit of t?
5
Suppose -7*y - 6345 = -16*y. What is the hundreds digit of y?
7
Suppose -5*a = 4*t - t + 27, 36 = -4*t + 3*a. Let h be 1/t*-3*6. Suppose -x = -4*q - q - 37, -h*x - 4*q + 32 = 0. What is the tens digit of x?
2
Let b = -46 - -31. Let x(w) = -w**3 - 16*w**2 - 17*w - 15. Let u be x(b). Suppose -u*n = -16*n + 16. What is the tens digit of n?
1
Suppose -18*x + 3 = -17*x. Suppose -30 = -x*p - 9. What is the units digit of p?
7
Let l be 16/(-24)*3*-2. What is the tens digit of 430/l + (-15)/(-10)?
0
Let v(t) = -9*t**3 + 7*t**2 + 9*t - 94. Let r(s) = 5*s**3 - 4*s**2 - 5*s + 47. Let q(h) = -11*r(h) - 6*v(h). What is the tens digit of q(0)?
4
Suppose -614 = 4*p - 110. Let z = 288 + p. Suppose -23*y = -20*y - z. What is the units digit of y?
4
Let s(t) = -2*t + 16. Let u be s(8). Suppose 4*k - 2*b - 32 = 0, 5*k - 10 = -2*b + 30. Suppose u = k*o - 3*o - 100. What is the tens digit of o?
2
What is the units digit of (-9)/(-15) + (-16359)/(-35)?
8
Let x = -13 - -2. Let u(y) = -y - 9. Let i be u(x). Suppose -i*n = 2*v + 3*v - 115, 0 = -2*v + 4*n + 70. What is the tens digit of v?
2
Let c(l) = -3*l + 91. Let w(t) = t - 30. Let a(f) = 6*c(f) + 17*w(f). Suppose 42 = 3*u + 3*g, 0 = u + u + g - 31. What is the units digit of a(u)?
9
Let u(j) = 5*j**2 + 8*j + 13. Let i be u(-6). Suppose i = 8*g - 71. What is the tens digit of g?
2
Let g(p) = -14 + 17 + 18 - p - p**3. Let m(x) = x - 6. Let s be m(6). What is the tens digit of g(s)?
2
Let l(v) be the third derivative of -v**6/120 + v**5/12 + 5*v**4/24 + 5*v**3/6 - 3*v**2. Let z be l(6). What is the tens digit of z + 1 + (-2 - -54)?
5
Let s(q) = 257*q**3 + 2*q**2 + 2*q - 3. Let b = 3 - 2. What is the units digit of s(b)?
8
What is the tens digit of -2 + 645 + -5*(-9)/15?
4
What is the hundreds digit of 6 + -3 - -199 - 4?
1
Let r(u) = u**2 + 3*u + 42. What is the units digit of r(10)?
2
Let y(x) = 2*x**3 - 4*x**2 - 4*x + 10. Let i be ((-16)/4 + 12)/2. What is the tens digit of y(i)?
5
Let p = -83 - -147. Let z = 173 - p. What is the tens digit of z?
0
Suppose -3168 = 7*h + h. What is the tens digit of 1/(-5 - 1982/h)?
9
Let a be 1*12/(-1 + -1). Let n be (30/20)/(a/128). Let f = n - -69. What is the units digit of f?
7
Let o = -541 - -923. What is the hundreds digit of o?
3
Let p(a) = a**3 - 4*a**2 + 2*a + 2. Let h be p(2). Let g(t) = -2*t**3 - t**2 + t + 2. What is the tens digit of g(h)?
1
Suppose -2*s + 4*s = 54. Suppose 4*f + 1 = -3*p, -2*f - 5*p - 7 = 2*f. Suppose f*c + 1 - s = -3*j, 4*j - 58 = 2*c. What is the units digit of j?
2
Let n be ((-4500)/(-27) - -3) + 1/3. Suppose 1034 + n = 7*l. What is the units digit of l?
2
Suppose 3*i + 0*y - 2 = y, 3*i - 14 = -2*y. Let t(r) = 4 - 4 + 2*r**2 + 1 + 0*r**i - r. What is the units digit of t(1)?
2
Suppose -5*h + 80 - 30 = 0. Suppose 18 = h*d - 9*d. What is the units digit of d?
8
Let b = -18 + 22. Suppose -5*o + 4*a + 320 = 0, o - 44 = 4*a + b. What is the units digit of o?
8
Suppose -y + 4*s - 24 = -84, 5*y + 4*s = 276. Let h(j) = j**2 + 2. Let p be h(-5). Let g = y - p. What is the tens digit of g?
2
Suppose -3*d - 2*k = -56, 63 + 31 = 5*d + 3*k. Let b(s) = -s**2 + 5*s + 6. Let a be b(7). Let l = a + d. What is the tens digit of l?
1
Suppose 192 = 2*t - g - 85, -t + 151 = -3*g. What is the units digit of t?
6
Let c(f) = -f**2 + 9*f - 2. Let l(m) = 2*m**2 + 2*m - 1. Let v be l(-2). Let k = v + 5. What is the units digit of c(k)?
6
Let u(b) be the third derivative of -b**6/120 + 2*b**5/15 + 11*b**4/24 + 5*b**3/6 - 3*b**2. What is the tens digit of u(9)?
2
Let j be (-2 + 5)/(6/(-20)). Let y(o) = -o**2 - 11*o - 10. Let t be y(j). What is the units digit of (t - 0) + (3 - -28)?
1
Let u = -9 + 38. Let o(c) = 3*c + 65. Let v be o(-17). Let t = u - v. What is the units digit of t?
5
Let l(b) = -b**3 + 7*b**2 + 6*b - 9. Let v be l(7). What is the units digit of (v - -2) + (-3)/1?
2
Let r be (2*-1)/(-6 + (-5682)/(-948)). Suppose r + 233 = 3*n. What is the units digit of n?
3
Let l(g) = g**2 - g + 2. Let d be (-2)/4 - (-77)/14. What is the tens digit of l(d)?
2
What is the hundreds digit of -6 - (-3)/(3/2152)?
1
Let d(k) = -k**3 - 6*k**2 + 8*k + 6. Let z be d(-7). Let n be (-42)/(-10) - z/(-5). Suppose -25 = -n*b + 99. What is the units digit of b?
1
Let m be (-500)/(-8) - 3/(-2). Let w = 165 - m. What is the tens digit of w?
0
Suppose 16*k - 63 = 13*k. What is the tens digit of k/14*68/6?
1
Let h(l) = -115*l + 31. Let t be h(9). What is the tens digit of (-5)/(20/t) + 2?
5
Let s(b) = b**2 - 3*b - 4. Let n be s(3). Let o be 